{"id":43,"date":"2019-02-17T16:06:28","date_gmt":"2019-02-17T15:06:28","guid":{"rendered":"http:\/\/bipspjaworznik.zarki.com.pl\/?page_id=43"},"modified":"2019-02-17T16:06:28","modified_gmt":"2019-02-17T15:06:28","slug":"statut","status":"publish","type":"page","link":"https:\/\/bipspjaworznik.zarki.szkola.pl\/index.php\/statut\/","title":{"rendered":"Statut"},"content":{"rendered":"\n<div class=\"wp-block-file\"><a href=\"http:\/\/bipspjaworznik.zarki.com.pl\/wp-content\/uploads\/2019\/02\/6.-Statut-szko\u0142y.docx\">Statut Szko\u0142y<\/a><a href=\"http:\/\/bipspjaworznik.zarki.com.pl\/wp-content\/uploads\/2019\/02\/6.-Statut-szko\u0142y.docx\" class=\"wp-block-file__button\" download>Pobierz<\/a><\/div>\n\n\n\n<pre class=\"wp-block-preformatted\"><strong>Metryczka<\/strong><br>\u017br\u00f3d\u0142o informacji: Ma\u0142gorzata Musialik<br>Data utworzenia: 2019-02-17 16:06:28 <br>Wprowadzi\u0142 do systemu: <br>Data wprowadzenia: 2019-02-17 16:06:28 <br>Ostatnia zmiana: 2019-02-17 16:06:28<br>Ilo\u015b\u0107 wy\u015bwietle\u0144: 1&nbsp;300<\/pre>\n","protected":false},"excerpt":{"rendered":"<p>Metryczka\u017br\u00f3d\u0142o informacji: Ma\u0142gorzata MusialikData utworzenia: Wprowadzi\u0142 do systemu: Data wprowadzenia: Ostatnia zmiana: Ilo\u015b\u0107 wy\u015bwietle\u0144:<\/p>\n","protected":false},"author":1,"featured_media":0,"parent":0,"menu_order":0,"comment_status":"closed","ping_status":"closed","template":"","meta":{"footnotes":""},"_links":{"self":[{"href":"https:\/\/bipspjaworznik.zarki.szkola.pl\/index.php\/wp-json\/wp\/v2\/pages\/43"}],"collection":[{"href":"https:\/\/bipspjaworznik.zarki.szkola.pl\/index.php\/wp-json\/wp\/v2\/pages"}],"about":[{"href":"https:\/\/bipspjaworznik.zarki.szkola.pl\/index.php\/wp-json\/wp\/v2\/types\/page"}],"author":[{"embeddable":true,"href":"https:\/\/bipspjaworznik.zarki.szkola.pl\/index.php\/wp-json\/wp\/v2\/users\/1"}],"replies":[{"embeddable":true,"href":"https:\/\/bipspjaworznik.zarki.szkola.pl\/index.php\/wp-json\/wp\/v2\/comments?post=43"}],"version-history":[{"count":1,"href":"https:\/\/bipspjaworznik.zarki.szkola.pl\/index.php\/wp-json\/wp\/v2\/pages\/43\/revisions"}],"predecessor-version":[{"id":45,"href":"https:\/\/bipspjaworznik.zarki.szkola.pl\/index.php\/wp-json\/wp\/v2\/pages\/43\/revisions\/45"}],"wp:attachment":[{"href":"https:\/\/bipspjaworznik.zarki.szkola.pl\/index.php\/wp-json\/wp\/v2\/media?parent=43"}],"curies":[{"name":"wp","href":"https:\/\/api.w.org\/{rel}","templated":true}]}}